CRAN Package Check Results for Package rb3

Last updated on 2022-08-17 07:52:36 CEST.

Flavor Version Tinstall Tcheck Ttotal Status Flags
r-devel-linux-x86_64-debian-clang 0.0.5 16.73 173.43 190.16 ERROR
r-devel-linux-x86_64-debian-gcc 0.0.5 NOTE
r-devel-linux-x86_64-fedora-clang 0.0.5 296.17 NOTE
r-devel-linux-x86_64-fedora-gcc 0.0.5 294.27 NOTE
r-devel-windows-x86_64 0.0.5 55.00 312.00 367.00 OK
r-patched-linux-x86_64 0.0.5 14.60 195.79 210.39 OK
r-release-linux-x86_64 0.0.5 14.06 192.75 206.81 OK
r-release-macos-arm64 0.0.5 124.00 OK
r-release-macos-x86_64 0.0.5 150.00 OK
r-release-windows-x86_64 0.0.5 68.00 321.00 389.00 OK
r-oldrel-macos-arm64 0.0.5 131.00 OK
r-oldrel-macos-x86_64 0.0.5 153.00 OK
r-oldrel-windows-ix86+x86_64 0.0.5 53.00 337.00 390.00 OK

Additional issues

noSuggests

Check Details

Version: 0.0.5
Check: package dependencies
Result: NOTE
    Package suggested but not available for checking: 'fixedincome'
Flavor: r-devel-linux-x86_64-debian-clang

Version: 0.0.5
Check: re-building of vignette outputs
Result: ERROR
    Error(s) in re-building vignettes:
     ...
    --- re-building 'Fetching-historical-future-rates.Rmd' using rmarkdown
    
    Attaching package: 'dplyr'
    
    The following objects are masked from 'package:stats':
    
     filter, lag
    
    The following objects are masked from 'package:base':
    
     intersect, setdiff, setequal, union
    
    
    Attaching package: 'bizdays'
    
    The following object is masked from 'package:stats':
    
     offset
    
    Quitting from lines 25-37 (Fetching-historical-future-rates.Rmd)
    Error: processing vignette 'Fetching-historical-future-rates.Rmd' failed with diagnostics:
    there is no package called 'fixedincome'
    --- failed re-building 'Fetching-historical-future-rates.Rmd'
    
    --- re-building 'Fetching-historical-yield-curve.Rmd' using rmarkdown
    --- finished re-building 'Fetching-historical-yield-curve.Rmd'
    
    SUMMARY: processing the following file failed:
     'Fetching-historical-future-rates.Rmd'
    
    Error: Vignette re-building failed.
    Execution halted
Flavor: r-devel-linux-x86_64-debian-clang

Version: 0.0.5
Check: HTML version of manual
Result: NOTE
    Found the following HTML validation problems:
    yc_get.html:38:1: Warning: trimming empty <li>
Flavors: r-devel-linux-x86_64-debian-clang, r-devel-linux-x86_64-debian-gcc, r-devel-linux-x86_64-fedora-clang, r-devel-linux-x86_64-fedora-gcc