CRAN Package Check Results for Package rasterly

Last updated on 2022-05-16 07:49:10 CEST.

Flavor Version Tinstall Tcheck Ttotal Status Flags
r-devel-linux-x86_64-debian-clang 0.2.0 41.07 113.31 154.38 NOTE
r-devel-linux-x86_64-debian-gcc 0.2.0 24.74 82.58 107.32 NOTE
r-devel-linux-x86_64-fedora-clang 0.2.0 187.54 NOTE
r-devel-linux-x86_64-fedora-gcc 0.2.0 174.09 NOTE
r-devel-windows-x86_64 0.2.0 68.00 145.00 213.00 NOTE
r-patched-linux-x86_64 0.2.0 30.69 102.99 133.68 NOTE
r-release-linux-x86_64 0.2.0 22.51 104.45 126.96 NOTE
r-release-macos-arm64 0.2.0 51.00 NOTE
r-release-macos-x86_64 0.2.0 81.00 NOTE
r-release-windows-x86_64 0.2.0 72.00 152.00 224.00 NOTE
r-oldrel-macos-arm64 0.2.0 57.00 NOTE
r-oldrel-macos-x86_64 0.2.0 108.00 NOTE
r-oldrel-windows-ix86+x86_64 0.2.0 90.00 181.00 271.00 NOTE

Check Details

Version: 0.2.0
Check: LazyData
Result: NOTE
     'LazyData' is specified without a 'data' directory
Flavors: r-devel-linux-x86_64-debian-clang, r-devel-linux-x86_64-debian-gcc, r-devel-linux-x86_64-fedora-clang, r-devel-linux-x86_64-fedora-gcc, r-devel-windows-x86_64, r-patched-linux-x86_64, r-release-linux-x86_64, r-release-macos-arm64, r-release-macos-x86_64, r-release-windows-x86_64, r-oldrel-macos-arm64, r-oldrel-macos-x86_64, r-oldrel-windows-ix86+x86_64

Version: 0.2.0
Check: Rd cross-references
Result: NOTE
    Undeclared package ‘crosstalk’ in Rd xrefs
Flavor: r-devel-linux-x86_64-fedora-clang