CRAN Package Check Results for Package rasterdiv

Last updated on 2022-08-10 07:51:51 CEST.

Flavor Version Tinstall Tcheck Ttotal Status Flags
r-devel-linux-x86_64-debian-clang 0.2-5.2 46.99 508.88 555.87 OK
r-devel-linux-x86_64-debian-gcc 0.2-5.2 41.06 358.89 399.95 OK
r-devel-linux-x86_64-fedora-clang 0.2-5.2 691.03 OK
r-devel-linux-x86_64-fedora-gcc 0.2-5.2 696.91 OK
r-devel-windows-x86_64 0.2-5.2 58.00 502.00 560.00 OK
r-patched-linux-x86_64 0.2-5.2 50.13 476.92 527.05 OK
r-release-linux-x86_64 0.2-5.2 OK
r-release-macos-arm64 0.2-5.2 172.00 NOTE
r-release-macos-x86_64 0.2-5.2 229.00 OK
r-release-windows-x86_64 0.2-5.2 65.00 489.00 554.00 OK
r-oldrel-macos-arm64 0.2-5.2 152.00 NOTE
r-oldrel-macos-x86_64 0.2-5.2 223.00 OK
r-oldrel-windows-ix86+x86_64 0.2-5.2 89.00 541.00 630.00 OK

Check Details

Version: 0.2-5.2
Check: installed package size
Result: NOTE
     installed size is 5.1Mb
     sub-directories of 1Mb or more:
     data 4.1Mb
Flavors: r-release-macos-arm64, r-oldrel-macos-arm64