CRAN Package Check Results for Package rasterDT

Last updated on 2022-05-17 07:53:14 CEST.

Flavor Version Tinstall Tcheck Ttotal Status Flags
r-devel-linux-x86_64-debian-clang 0.3.1 30.70 294.51 325.21 NOTE
r-devel-linux-x86_64-debian-gcc 0.3.1 22.18 213.91 236.09 NOTE
r-devel-linux-x86_64-fedora-clang 0.3.1 375.70 NOTE
r-devel-linux-x86_64-fedora-gcc 0.3.1 365.88 NOTE
r-devel-windows-x86_64 0.3.1 32.00 262.00 294.00 NOTE
r-patched-linux-x86_64 0.3.1 30.26 280.68 310.94 NOTE
r-release-linux-x86_64 0.3.1 24.89 278.47 303.36 NOTE
r-release-macos-arm64 0.3.1 67.00 NOTE
r-release-macos-x86_64 0.3.1 113.00 NOTE
r-release-windows-x86_64 0.3.1 33.00 273.00 306.00 NOTE
r-oldrel-macos-arm64 0.3.1 52.00 NOTE
r-oldrel-macos-x86_64 0.3.1 77.00 NOTE
r-oldrel-windows-ix86+x86_64 0.3.1 67.00 268.00 335.00 NOTE

Check Details

Version: 0.3.1
Check: LazyData
Result: NOTE
     'LazyData' is specified without a 'data' directory
Flavors: r-devel-linux-x86_64-debian-clang, r-devel-linux-x86_64-debian-gcc, r-devel-linux-x86_64-fedora-clang, r-devel-linux-x86_64-fedora-gcc, r-devel-windows-x86_64, r-patched-linux-x86_64, r-release-linux-x86_64, r-release-macos-arm64, r-release-macos-x86_64, r-release-windows-x86_64, r-oldrel-macos-arm64, r-oldrel-macos-x86_64, r-oldrel-windows-ix86+x86_64