CRAN Package Check Results for Package randquotes

Last updated on 2022-05-19 07:50:17 CEST.

Flavor Version Tinstall Tcheck Ttotal Status Flags
r-devel-linux-x86_64-debian-clang 0.1.1 1.62 34.66 36.28 OK
r-devel-linux-x86_64-debian-gcc 0.1.1 1.74 26.36 28.10 OK
r-devel-linux-x86_64-fedora-clang 0.1.1 44.20 NOTE
r-devel-linux-x86_64-fedora-gcc 0.1.1 42.63 NOTE
r-devel-windows-x86_64 0.1.1 13.00 50.00 63.00 OK
r-patched-linux-x86_64 0.1.1 2.13 32.29 34.42 OK
r-release-linux-x86_64 0.1.1 1.72 33.34 35.06 OK
r-release-macos-arm64 0.1.1 17.00 NOTE
r-release-macos-x86_64 0.1.1 24.00 NOTE
r-release-windows-x86_64 0.1.1 13.00 50.00 63.00 OK
r-oldrel-macos-arm64 0.1.1 24.00 NOTE
r-oldrel-macos-x86_64 0.1.1 29.00 NOTE
r-oldrel-windows-ix86+x86_64 0.1.1 5.00 51.00 56.00 OK

Check Details

Version: 0.1.1
Check: dependencies in R code
Result: NOTE
    Namespaces in Imports field not imported from:
     ‘curl’ ‘jsonlite’
     All declared Imports should be used.
Flavors: r-devel-linux-x86_64-fedora-clang, r-devel-linux-x86_64-fedora-gcc, r-release-macos-arm64, r-release-macos-x86_64, r-oldrel-macos-arm64, r-oldrel-macos-x86_64