CRAN Package Check Results for Package randomcoloR

Last updated on 2022-05-16 07:49:10 CEST.

Flavor Version Tinstall Tcheck Ttotal Status Flags
r-devel-linux-x86_64-debian-clang 1.1.0.1 3.92 47.91 51.83 NOTE
r-devel-linux-x86_64-debian-gcc 1.1.0.1 2.72 37.35 40.07 NOTE
r-devel-linux-x86_64-fedora-clang 1.1.0.1 63.75 NOTE
r-devel-linux-x86_64-fedora-gcc 1.1.0.1 63.77 NOTE
r-devel-windows-x86_64 1.1.0.1 20.00 69.00 89.00 NOTE
r-patched-linux-x86_64 1.1.0.1 3.81 45.90 49.71 NOTE
r-release-linux-x86_64 1.1.0.1 3.93 46.72 50.65 NOTE
r-release-macos-arm64 1.1.0.1 21.00 NOTE
r-release-macos-x86_64 1.1.0.1 29.00 NOTE
r-release-windows-x86_64 1.1.0.1 22.00 68.00 90.00 NOTE
r-oldrel-macos-arm64 1.1.0.1 26.00 NOTE
r-oldrel-macos-x86_64 1.1.0.1 34.00 NOTE
r-oldrel-windows-ix86+x86_64 1.1.0.1 13.00 69.00 82.00 NOTE

Check Details

Version: 1.1.0.1
Check: LazyData
Result: NOTE
     'LazyData' is specified without a 'data' directory
Flavors: r-devel-linux-x86_64-debian-clang, r-devel-linux-x86_64-debian-gcc, r-devel-linux-x86_64-fedora-clang, r-devel-linux-x86_64-fedora-gcc, r-devel-windows-x86_64, r-patched-linux-x86_64, r-release-linux-x86_64, r-release-macos-arm64, r-release-macos-x86_64, r-release-windows-x86_64, r-oldrel-macos-arm64, r-oldrel-macos-x86_64, r-oldrel-windows-ix86+x86_64