CRAN Package Check Results for Package randomNames

Last updated on 2022-01-28 06:53:32 CET.

Flavor Version Tinstall Tcheck Ttotal Status Flags
r-devel-linux-x86_64-debian-clang 1.5-0.0 4.47 42.38 46.85 OK
r-devel-linux-x86_64-debian-gcc 1.5-0.0 3.48 34.26 37.74 OK
r-devel-linux-x86_64-fedora-clang 1.5-0.0 57.06 OK
r-devel-linux-x86_64-fedora-gcc 1.5-0.0 45.86 OK
r-devel-windows-x86_64-new-UL 1.5-0.0 37.00 65.00 102.00 OK
r-devel-windows-x86_64-new-TK 1.5-0.0 OK
r-patched-linux-x86_64 1.5-0.0 4.60 39.34 43.94 OK
r-release-linux-x86_64 1.5-0.0 2.93 38.59 41.52 OK
r-release-macos-arm64 1.5-0.0 OK
r-release-macos-x86_64 1.5-0.0 WARN
r-release-windows-ix86+x86_64 1.5-0.0 10.00 49.00 59.00 OK
r-oldrel-macos-x86_64 1.5-0.0 WARN
r-oldrel-windows-ix86+x86_64 1.5-0.0 10.00 50.00 60.00 OK

Check Details

Version: 1.5-0.0
Check: re-building of vignette outputs
Result: WARN
    Error(s) in re-building vignettes:
     ...
    --- re-building ‘randomNames.Rmd’ using rmarkdown
    Warning in engine$weave(file, quiet = quiet, encoding = enc) :
     Pandoc (>= 1.12.3) not available. Falling back to R Markdown v1.
    Quitting from lines 13-26 (randomNames.Rmd)
    Error: processing vignette 'randomNames.Rmd' failed with diagnostics:
    argument is of length zero
    --- failed re-building ‘randomNames.Rmd’
    
    SUMMARY: processing the following file failed:
     ‘randomNames.Rmd’
    
    Error: Vignette re-building failed.
    Execution halted
Flavors: r-release-macos-x86_64, r-oldrel-macos-x86_64