CRAN Package Check Results for Package ramlegacy

Last updated on 2022-07-03 07:52:02 CEST.

Flavor Version Tinstall Tcheck Ttotal Status Flags
r-devel-linux-x86_64-debian-clang 0.2.0 2.57 31.52 34.09 NOTE
r-devel-linux-x86_64-debian-gcc 0.2.0 2.06 24.58 26.64 NOTE
r-devel-linux-x86_64-fedora-clang 0.2.0 52.78 NOTE
r-devel-linux-x86_64-fedora-gcc 0.2.0 50.95 NOTE
r-devel-windows-x86_64 0.2.0 11.00 64.00 75.00 NOTE
r-patched-linux-x86_64 0.2.0 1.78 30.57 32.35 NOTE
r-release-linux-x86_64 0.2.0 2.62 30.38 33.00 NOTE
r-release-macos-arm64 0.2.0 22.00 NOTE
r-release-macos-x86_64 0.2.0 36.00 NOTE
r-release-windows-x86_64 0.2.0 15.00 69.00 84.00 NOTE
r-oldrel-macos-arm64 0.2.0 26.00 NOTE
r-oldrel-macos-x86_64 0.2.0 35.00 NOTE
r-oldrel-windows-ix86+x86_64 0.2.0 7.00 53.00 60.00 NOTE

Check Details

Version: 0.2.0
Check: LazyData
Result: NOTE
     'LazyData' is specified without a 'data' directory
Flavors: r-devel-linux-x86_64-debian-clang, r-devel-linux-x86_64-debian-gcc, r-devel-linux-x86_64-fedora-clang, r-devel-linux-x86_64-fedora-gcc, r-devel-windows-x86_64, r-patched-linux-x86_64, r-release-linux-x86_64, r-release-macos-arm64, r-release-macos-x86_64, r-release-windows-x86_64, r-oldrel-macos-arm64, r-oldrel-macos-x86_64, r-oldrel-windows-ix86+x86_64