CRAN Package Check Results for Package radiant

Last updated on 2022-07-04 07:49:04 CEST.

Flavor Version Tinstall Tcheck Ttotal Status Flags
r-devel-linux-x86_64-debian-clang 1.4.2 18.96 193.68 212.64 OK
r-devel-linux-x86_64-debian-gcc 1.4.2 14.98 142.64 157.62 OK
r-devel-linux-x86_64-fedora-clang 1.4.2 256.45 NOTE
r-devel-linux-x86_64-fedora-gcc 1.4.2 267.90 OK
r-devel-windows-x86_64 1.4.2 19.00 212.00 231.00 OK
r-patched-linux-x86_64 1.4.2 14.56 181.71 196.27 OK
r-release-linux-x86_64 1.4.2 17.46 180.10 197.56 OK
r-release-macos-arm64 1.4.2 70.00 OK
r-release-macos-x86_64 1.4.2 103.00 OK
r-release-windows-x86_64 1.4.2 22.00 216.00 238.00 OK
r-oldrel-macos-arm64 1.4.2 56.00 OK
r-oldrel-macos-x86_64 1.4.2 109.00 OK
r-oldrel-windows-ix86+x86_64 1.4.2 39.00 210.00 249.00 OK

Check Details

Version: 1.4.2
Check: installed package size
Result: NOTE
     installed size is 5.0Mb
     sub-directories of 1Mb or more:
     doc 4.9Mb
Flavor: r-devel-linux-x86_64-fedora-clang