CRAN Package Check Results for Package rUM

Last updated on 2022-08-19 06:52:34 CEST.

Flavor Version Tinstall Tcheck Ttotal Status Flags
r-devel-linux-x86_64-debian-clang 0.3.1 10.59 84.22 94.81 NOTE
r-devel-linux-x86_64-debian-gcc 1.0.1 9.79 67.79 77.58 OK
r-devel-linux-x86_64-fedora-clang 1.0.1 133.76 OK
r-devel-linux-x86_64-fedora-gcc 1.0.1 134.34 OK
r-devel-windows-x86_64 1.0.1 33.00 115.00 148.00 OK
r-patched-linux-x86_64 0.3.1 9.44 77.87 87.31 OK
r-release-linux-x86_64 1.0.1 OK
r-release-macos-arm64 1.0.1 35.00 OK
r-release-macos-x86_64 1.0.1 53.00 OK
r-release-windows-x86_64 1.0.1 15.00 127.00 142.00 OK
r-oldrel-macos-arm64 1.0.1 38.00 OK
r-oldrel-macos-x86_64 1.0.1 57.00 OK
r-oldrel-windows-ix86+x86_64 0.3.1 37.00 108.00 145.00 OK

Check Details

Version: 0.3.1
Check: package subdirectories
Result: NOTE
    Problems with news in 'NEWS.md':
     Cannot extract version info from the following section titles:
     rUM (development version)
Flavor: r-devel-linux-x86_64-debian-clang