CRAN Package Check Results for Package rSPDE

Last updated on 2022-05-16 07:49:12 CEST.

Flavor Version Tinstall Tcheck Ttotal Status Flags
r-devel-linux-x86_64-debian-clang 1.1.1 11.06 101.60 112.66 NOTE
r-devel-linux-x86_64-debian-gcc 1.1.1 7.72 76.57 84.29 NOTE
r-devel-linux-x86_64-fedora-clang 1.1.1 135.96 OK
r-devel-linux-x86_64-fedora-gcc 1.1.1 129.91 OK
r-devel-windows-x86_64 1.1.1 36.00 121.00 157.00 NOTE
r-patched-linux-x86_64 1.1.1 9.48 97.55 107.03 NOTE
r-release-linux-x86_64 1.1.1 12.03 97.76 109.79 NOTE
r-release-macos-arm64 1.1.1 37.00 NOTE
r-release-macos-x86_64 1.1.1 55.00 NOTE
r-release-windows-x86_64 1.1.1 37.00 117.00 154.00 NOTE
r-oldrel-macos-arm64 1.1.1 45.00 NOTE
r-oldrel-macos-x86_64 1.1.1 58.00 NOTE
r-oldrel-windows-ix86+x86_64 1.1.1 23.00 116.00 139.00 OK

Check Details

Version: 1.1.1
Check: package dependencies
Result: NOTE
    Package suggested but not available for checking: 'INLA'
Flavors: r-devel-linux-x86_64-debian-clang, r-devel-linux-x86_64-debian-gcc, r-devel-windows-x86_64, r-patched-linux-x86_64, r-release-linux-x86_64, r-release-macos-arm64, r-release-macos-x86_64, r-release-windows-x86_64, r-oldrel-macos-arm64, r-oldrel-macos-x86_64