CRAN Package Check Results for Package rENA

Last updated on 2022-08-13 07:55:30 CEST.

Flavor Version Tinstall Tcheck Ttotal Status Flags
r-devel-linux-x86_64-debian-clang 0.2.4 47.41 138.27 185.68 NOTE
r-devel-linux-x86_64-debian-gcc 0.2.4 39.44 101.70 141.14 NOTE
r-devel-linux-x86_64-fedora-clang 0.2.4 220.65 NOTE
r-devel-linux-x86_64-fedora-gcc 0.2.4 203.45 NOTE
r-devel-windows-x86_64 0.2.4 69.00 168.00 237.00 NOTE
r-patched-linux-x86_64 0.2.4 30.15 122.85 153.00 OK
r-release-linux-x86_64 0.2.4 31.50 119.09 150.59 OK
r-release-macos-arm64 0.2.4 51.00 OK
r-release-macos-x86_64 0.2.4 86.00 OK
r-release-windows-x86_64 0.2.4 85.00 165.00 250.00 OK
r-oldrel-macos-arm64 0.2.4 57.00 OK
r-oldrel-macos-x86_64 0.2.4 65.00 OK
r-oldrel-windows-ix86+x86_64 0.2.4 109.00 208.00 317.00 OK

Check Details

Version: 0.2.4
Check: Rd files
Result: NOTE
    checkRd: (-1) ena.plot.group.Rd:44: Escaped LaTeX specials: \$
    checkRd: (-1) ena.plot.group.Rd:46: Escaped LaTeX specials: \$
    checkRd: (-1) ena.plot.group.Rd:48: Escaped LaTeX specials: \$
    checkRd: (-1) ena.plot.trajectory.Rd:38: Escaped LaTeX specials: \$
    checkRd: (-1) ena.plot.trajectory.Rd:40: Escaped LaTeX specials: \$
    checkRd: (-1) ena.plot.trajectory.Rd:42: Escaped LaTeX specials: \$
Flavors: r-devel-linux-x86_64-debian-clang, r-devel-linux-x86_64-debian-gcc, r-devel-linux-x86_64-fedora-clang, r-devel-linux-x86_64-fedora-gcc, r-devel-windows-x86_64