CRAN Package Check Results for Package r2glmm

Last updated on 2022-05-18 07:49:06 CEST.

Flavor Version Tinstall Tcheck Ttotal Status Flags
r-devel-linux-x86_64-debian-clang 0.1.2 2.50 55.70 58.20 NOTE
r-devel-linux-x86_64-debian-gcc 0.1.2 2.88 41.47 44.35 NOTE
r-devel-linux-x86_64-fedora-clang 0.1.2 69.54 NOTE
r-devel-linux-x86_64-fedora-gcc 0.1.2 69.41 NOTE
r-devel-windows-x86_64 0.1.2 10.00 72.00 82.00 NOTE
r-patched-linux-x86_64 0.1.2 10.28 52.87 63.15 NOTE
r-release-linux-x86_64 0.1.2 3.02 53.35 56.37 NOTE
r-release-macos-arm64 0.1.2 21.00 NOTE
r-release-macos-x86_64 0.1.2 42.00 NOTE
r-release-windows-x86_64 0.1.2 14.00 71.00 85.00 NOTE
r-oldrel-macos-arm64 0.1.2 29.00 NOTE
r-oldrel-macos-x86_64 0.1.2 41.00 NOTE
r-oldrel-windows-ix86+x86_64 0.1.2 8.00 64.00 72.00 NOTE

Check Details

Version: 0.1.2
Check: LazyData
Result: NOTE
     'LazyData' is specified without a 'data' directory
Flavors: r-devel-linux-x86_64-debian-clang, r-devel-linux-x86_64-debian-gcc, r-devel-linux-x86_64-fedora-clang, r-devel-linux-x86_64-fedora-gcc, r-devel-windows-x86_64, r-patched-linux-x86_64, r-release-linux-x86_64, r-release-macos-arm64, r-release-macos-x86_64, r-release-windows-x86_64, r-oldrel-macos-arm64, r-oldrel-macos-x86_64, r-oldrel-windows-ix86+x86_64

Version: 0.1.2
Check: dependencies in R code
Result: NOTE
    Namespaces in Imports field not imported from:
     ‘data.table’ ‘dplyr’ ‘lmerTest’
     All declared Imports should be used.
Flavors: r-devel-linux-x86_64-fedora-clang, r-devel-linux-x86_64-fedora-gcc, r-release-macos-arm64, r-release-macos-x86_64, r-oldrel-macos-arm64, r-oldrel-macos-x86_64