CRAN Package Check Results for Package quantmod

Last updated on 2022-05-19 07:50:17 CEST.

Flavor Version Tinstall Tcheck Ttotal Status Flags
r-devel-linux-x86_64-debian-clang 0.4.20 12.36 106.37 118.73 NOTE
r-devel-linux-x86_64-debian-gcc 0.4.20 12.47 77.93 90.40 NOTE
r-devel-linux-x86_64-fedora-clang 0.4.20 141.36 OK
r-devel-linux-x86_64-fedora-gcc 0.4.20 140.17 OK
r-devel-windows-x86_64 0.4.20 136.00 110.00 246.00 OK
r-patched-linux-x86_64 0.4.20 13.34 98.65 111.99 NOTE
r-release-linux-x86_64 0.4.20 16.05 98.24 114.29 NOTE
r-release-macos-arm64 0.4.20 36.00 OK
r-release-macos-x86_64 0.4.20 57.00 OK
r-release-windows-x86_64 0.4.20 114.00 112.00 226.00 OK
r-oldrel-macos-arm64 0.4.20 37.00 OK
r-oldrel-macos-x86_64 0.4.20 49.00 OK
r-oldrel-windows-ix86+x86_64 0.4.20 31.00 111.00 142.00 OK

Check Details

Version: 0.4.20
Check: R code for possible problems
Result: NOTE
    Found the following calls to attach():
    File 'quantmod/R/attachSymbols.R':
     attach(NULL, pos = pos, name = DB$name)
     attach(NULL, pos = pos, name = DB$name)
    See section 'Good practice' in '?attach'.
Flavors: r-devel-linux-x86_64-debian-clang, r-devel-linux-x86_64-debian-gcc, r-patched-linux-x86_64, r-release-linux-x86_64