CRAN Package Check Results for Package quanteda.textstats

Last updated on 2022-07-06 07:49:06 CEST.

Flavor Version Tinstall Tcheck Ttotal Status Flags
r-devel-linux-x86_64-debian-clang 0.95 101.90 167.30 269.20 OK
r-devel-linux-x86_64-debian-gcc 0.95 80.71 122.96 203.67 OK
r-devel-linux-x86_64-fedora-clang 0.95 355.30 OK
r-devel-linux-x86_64-fedora-gcc 0.95 345.53 OK
r-devel-windows-x86_64 0.95 248.00 217.00 465.00 OK
r-patched-linux-x86_64 0.95 90.13 161.09 251.22 OK
r-release-linux-x86_64 0.95 86.23 156.73 242.96 OK
r-release-macos-arm64 0.95 90.00 OK
r-release-macos-x86_64 0.95 111.00 OK
r-release-windows-x86_64 0.95 232.00 218.00 450.00 OK
r-oldrel-macos-arm64 0.95 105.00 NOTE
r-oldrel-macos-x86_64 0.95 109.00 OK
r-oldrel-windows-ix86+x86_64 0.95 241.00 305.00 546.00 OK

Check Details

Version: 0.95
Check: installed package size
Result: NOTE
     installed size is 5.6Mb
     sub-directories of 1Mb or more:
     libs 5.1Mb
Flavor: r-oldrel-macos-arm64