Last updated on 2022-07-05 07:51:03 CEST.
Flavor | Version | Tinstall | Tcheck | Ttotal | Status | Flags |
---|---|---|---|---|---|---|
r-devel-linux-x86_64-debian-clang | 3.2.1 | 233.74 | 300.23 | 533.97 | OK | |
r-devel-linux-x86_64-debian-gcc | 3.2.1 | 195.59 | 221.54 | 417.13 | OK | |
r-devel-linux-x86_64-fedora-clang | 3.2.1 | 718.09 | NOTE | |||
r-devel-linux-x86_64-fedora-gcc | 3.2.1 | 690.12 | NOTE | |||
r-devel-windows-x86_64 | 3.2.1 | 371.00 | 361.00 | 732.00 | OK | |
r-patched-linux-x86_64 | 3.2.1 | 212.35 | 282.42 | 494.77 | OK | |
r-release-linux-x86_64 | 3.2.1 | 207.27 | 285.78 | 493.05 | OK | |
r-release-macos-arm64 | 3.2.1 | 177.00 | NOTE | |||
r-release-macos-x86_64 | 3.2.1 | 218.00 | NOTE | |||
r-release-windows-x86_64 | 3.2.1 | 416.00 | 364.00 | 780.00 | OK | |
r-oldrel-macos-arm64 | 3.2.1 | 167.00 | NOTE | |||
r-oldrel-macos-x86_64 | 3.2.1 | 221.00 | NOTE | |||
r-oldrel-windows-ix86+x86_64 | 3.2.1 | 573.00 | 560.00 | 1133.00 | NOTE |
Version: 3.2.1
Check: installed package size
Result: NOTE
installed size is 9.0Mb
sub-directories of 1Mb or more:
libs 6.1Mb
Flavors: r-devel-linux-x86_64-fedora-clang, r-release-macos-arm64, r-release-macos-x86_64, r-oldrel-macos-arm64, r-oldrel-macos-x86_64, r-oldrel-windows-ix86+x86_64
Version: 3.2.1
Check: data for non-ASCII characters
Result: NOTE
Note: found 4 marked UTF-8 strings
Flavors: r-devel-linux-x86_64-fedora-clang, r-devel-linux-x86_64-fedora-gcc, r-release-macos-arm64, r-release-macos-x86_64, r-oldrel-macos-arm64, r-oldrel-macos-x86_64