CRAN Package Check Results for Package quadmesh

Last updated on 2022-01-18 06:52:57 CET.

Flavor Version Tinstall Tcheck Ttotal Status Flags
r-devel-linux-x86_64-debian-clang 0.5.0 25.22 265.67 290.89 OK
r-devel-linux-x86_64-debian-gcc 0.5.0 23.98 202.02 226.00 OK
r-devel-linux-x86_64-fedora-clang 0.5.0 362.82 NOTE
r-devel-linux-x86_64-fedora-gcc 0.5.0 347.46 NOTE
r-devel-windows-x86_64-new-UL 0.5.0 73.00 268.00 341.00 OK
r-devel-windows-x86_64-new-TK 0.5.0 NOTE
r-patched-linux-x86_64 0.5.0 25.86 277.92 303.78 OK
r-release-linux-x86_64 0.5.0 OK
r-release-macos-arm64 0.5.0 NOTE
r-release-macos-x86_64 0.5.0 NOTE
r-release-windows-ix86+x86_64 0.5.0 57.00 294.00 351.00 OK
r-oldrel-macos-x86_64 0.5.0 NOTE
r-oldrel-windows-ix86+x86_64 0.5.0 59.00 307.00 366.00 OK

Check Details

Version: 0.5.0
Check: dependencies in R code
Result: NOTE
    Namespace in Imports field not imported from: ‘viridis’
     All declared Imports should be used.
Flavors: r-devel-linux-x86_64-fedora-clang, r-devel-linux-x86_64-fedora-gcc, r-devel-windows-x86_64-new-TK, r-release-macos-arm64, r-release-macos-x86_64, r-oldrel-macos-x86_64

Version: 0.5.0
Check: Rd cross-references
Result: NOTE
    Undeclared package ‘rgl’ in Rd xrefs
Flavor: r-devel-linux-x86_64-fedora-clang