CRAN Package Check Results for Package qtl2pattern

Last updated on 2022-05-15 07:54:34 CEST.

Flavor Version Tinstall Tcheck Ttotal Status Flags
r-devel-linux-x86_64-debian-clang 1.2.0 11.32 113.06 124.38 OK
r-devel-linux-x86_64-debian-gcc 1.2.0 8.48 82.20 90.68 OK
r-devel-linux-x86_64-fedora-clang 1.2.0 142.82 NOTE
r-devel-linux-x86_64-fedora-gcc 1.2.0 136.20 NOTE
r-devel-windows-x86_64 1.2.0 49.00 124.00 173.00 OK
r-patched-linux-x86_64 1.2.0 10.89 104.39 115.28 OK
r-release-linux-x86_64 1.2.0 10.23 102.66 112.89 OK
r-release-macos-arm64 1.2.0 48.00 NOTE
r-release-macos-x86_64 1.2.0 79.00 NOTE
r-release-windows-x86_64 1.2.0 37.00 130.00 167.00 OK
r-oldrel-macos-arm64 1.2.0 45.00 NOTE
r-oldrel-macos-x86_64 1.2.0 54.00 NOTE
r-oldrel-windows-ix86+x86_64 1.2.0 24.00 126.00 150.00 OK

Check Details

Version: 1.2.0
Check: dependencies in R code
Result: NOTE
    Namespaces in Imports field not imported from:
     ‘RColorBrewer’ ‘purrr’
     All declared Imports should be used.
Flavors: r-devel-linux-x86_64-fedora-clang, r-devel-linux-x86_64-fedora-gcc, r-release-macos-arm64, r-release-macos-x86_64, r-oldrel-macos-arm64, r-oldrel-macos-x86_64