Last updated on 2022-08-19 06:52:32 CEST.
Flavor | Version | Tinstall | Tcheck | Ttotal | Status | Flags |
---|---|---|---|---|---|---|
r-devel-linux-x86_64-debian-clang | 0.1.0 | 52.80 | 260.39 | 313.19 | NOTE | |
r-devel-linux-x86_64-debian-gcc | 0.1.0 | 37.54 | 190.71 | 228.25 | NOTE | |
r-devel-linux-x86_64-fedora-clang | 0.1.0 | 372.44 | NOTE | |||
r-devel-linux-x86_64-fedora-gcc | 0.1.0 | 373.07 | NOTE | |||
r-devel-windows-x86_64 | 0.1.0 | 46.00 | 272.00 | 318.00 | NOTE | |
r-patched-linux-x86_64 | 0.1.0 | 39.92 | 250.43 | 290.35 | NOTE | |
r-release-linux-x86_64 | 0.1.0 | NOTE | ||||
r-release-macos-arm64 | 0.1.0 | 76.00 | NOTE | |||
r-release-macos-x86_64 | 0.1.0 | 110.00 | NOTE | |||
r-release-windows-x86_64 | 0.1.0 | 56.00 | 282.00 | 338.00 | NOTE | |
r-oldrel-macos-arm64 | 0.1.0 | 42.00 | NOTE | |||
r-oldrel-macos-x86_64 | 0.1.0 | 69.00 | NOTE | |||
r-oldrel-windows-ix86+x86_64 | 0.1.0 | 109.00 | 370.00 | 479.00 | NOTE |
Version: 0.1.0
Check: LazyData
Result: NOTE
'LazyData' is specified without a 'data' directory
Flavors: r-devel-linux-x86_64-debian-clang, r-devel-linux-x86_64-debian-gcc, r-devel-linux-x86_64-fedora-clang, r-devel-linux-x86_64-fedora-gcc, r-devel-windows-x86_64, r-patched-linux-x86_64, r-release-linux-x86_64, r-release-macos-arm64, r-release-macos-x86_64, r-release-windows-x86_64, r-oldrel-macos-arm64, r-oldrel-macos-x86_64, r-oldrel-windows-ix86+x86_64
Version: 0.1.0
Check: compiled code
Result: NOTE
File ‘qrencoder/libs/qrencoder.so’:
Found no calls to: ‘R_registerRoutines’, ‘R_useDynamicSymbols’
It is good practice to register native routines and to disable symbol
search.
See ‘Writing portable packages’ in the ‘Writing R Extensions’ manual.
Flavors: r-devel-linux-x86_64-fedora-clang, r-devel-linux-x86_64-fedora-gcc