CRAN Package Check Results for Package qqr

Last updated on 2022-05-24 07:52:29 CEST.

Flavor Version Tinstall Tcheck Ttotal Status Flags
r-devel-linux-x86_64-debian-clang 0.0.1 10.77 96.57 107.34 OK
r-devel-linux-x86_64-debian-gcc 0.0.1 8.80 71.43 80.23 OK
r-devel-linux-x86_64-fedora-clang 0.0.1 126.55 NOTE
r-devel-linux-x86_64-fedora-gcc 0.0.1 111.27 NOTE
r-devel-windows-x86_64 0.0.1 15.00 119.00 134.00 OK
r-patched-linux-x86_64 0.0.1 8.03 89.85 97.88 OK
r-release-linux-x86_64 0.0.1 OK
r-release-macos-arm64 0.0.1 47.00 NOTE
r-release-macos-x86_64 0.0.1 70.00 NOTE
r-release-windows-x86_64 0.0.1 14.00 119.00 133.00 OK
r-oldrel-macos-arm64 0.0.1 50.00 NOTE
r-oldrel-macos-x86_64 0.0.1 72.00 NOTE
r-oldrel-windows-ix86+x86_64 0.0.1 24.00 112.00 136.00 OK

Check Details

Version: 0.0.1
Check: data for non-ASCII characters
Result: NOTE
     Note: found 7 marked UTF-8 strings
Flavors: r-devel-linux-x86_64-fedora-clang, r-devel-linux-x86_64-fedora-gcc, r-release-macos-arm64, r-release-macos-x86_64, r-oldrel-macos-arm64, r-oldrel-macos-x86_64