Last updated on 2022-07-04 07:49:03 CEST.
Flavor | Version | Tinstall | Tcheck | Ttotal | Status | Flags |
---|---|---|---|---|---|---|
r-devel-linux-x86_64-debian-clang | 0.9.7 | 9.90 | 119.24 | 129.14 | OK | |
r-devel-linux-x86_64-debian-gcc | 0.9.7 | 7.21 | 89.73 | 96.94 | OK | |
r-devel-linux-x86_64-fedora-clang | 0.9.7 | 159.64 | NOTE | |||
r-devel-linux-x86_64-fedora-gcc | 0.9.7 | 160.74 | NOTE | |||
r-devel-windows-x86_64 | 0.9.7 | 36.00 | 152.00 | 188.00 | OK | |
r-patched-linux-x86_64 | 0.9.7 | 12.41 | 110.24 | 122.65 | OK | |
r-release-linux-x86_64 | 0.9.7 | 7.26 | 111.15 | 118.41 | OK | |
r-release-macos-arm64 | 0.9.7 | 45.00 | NOTE | |||
r-release-macos-x86_64 | 0.9.7 | 70.00 | NOTE | |||
r-release-windows-x86_64 | 0.9.7 | 25.00 | 150.00 | 175.00 | OK | |
r-oldrel-macos-arm64 | 0.9.7 | 61.00 | NOTE | |||
r-oldrel-macos-x86_64 | 0.9.7 | 104.00 | NOTE | |||
r-oldrel-windows-ix86+x86_64 | 0.9.7 | 20.00 | 146.00 | 166.00 | OK |
Version: 0.9.7
Check: data for non-ASCII characters
Result: NOTE
Note: found 76102 marked UTF-8 strings
Flavors: r-devel-linux-x86_64-fedora-clang, r-devel-linux-x86_64-fedora-gcc, r-release-macos-arm64, r-release-macos-x86_64, r-oldrel-macos-arm64, r-oldrel-macos-x86_64