Last updated on 2022-05-23 06:49:55 CEST.
Flavor | Version | Tinstall | Tcheck | Ttotal | Status | Flags |
---|---|---|---|---|---|---|
r-devel-linux-x86_64-debian-clang | 0.3.4 | 9.38 | 73.89 | 83.27 | NOTE | |
r-devel-linux-x86_64-debian-gcc | 0.3.4 | 6.47 | 55.17 | 61.64 | NOTE | |
r-devel-linux-x86_64-fedora-clang | 0.3.4 | 94.46 | NOTE | |||
r-devel-linux-x86_64-fedora-gcc | 0.3.4 | 84.89 | NOTE | |||
r-devel-windows-x86_64 | 0.3.4 | 22.00 | 8.00 | 30.00 | ERROR | |
r-patched-linux-x86_64 | 0.3.4 | 7.38 | 70.60 | 77.98 | NOTE | |
r-release-linux-x86_64 | 0.3.4 | NOTE | ||||
r-release-macos-arm64 | 0.3.4 | 27.00 | NOTE | |||
r-release-macos-x86_64 | 0.3.4 | 43.00 | NOTE | |||
r-release-windows-x86_64 | 0.3.4 | 71.00 | 99.00 | 170.00 | NOTE | |
r-oldrel-macos-arm64 | 0.3.4 | 35.00 | NOTE | |||
r-oldrel-macos-x86_64 | 0.3.4 | 61.00 | NOTE | |||
r-oldrel-windows-ix86+x86_64 | 0.3.4 | 20.00 | 123.00 | 143.00 | NOTE |
Version: 0.3.4
Check: LazyData
Result: NOTE
'LazyData' is specified without a 'data' directory
Flavors: r-devel-linux-x86_64-debian-clang, r-devel-linux-x86_64-debian-gcc, r-devel-linux-x86_64-fedora-clang, r-devel-linux-x86_64-fedora-gcc, r-patched-linux-x86_64, r-release-linux-x86_64, r-release-macos-arm64, r-release-macos-x86_64, r-release-windows-x86_64, r-oldrel-macos-arm64, r-oldrel-macos-x86_64, r-oldrel-windows-ix86+x86_64
Version: 0.3.4
Check: Rd cross-references
Result: NOTE
Undeclared packages ‘vctrs’, ‘httr’ in Rd xrefs
Flavor: r-devel-linux-x86_64-fedora-clang
Version: 0.3.4
Check: whether package can be installed
Result: ERROR
Installation failed.
Flavor: r-devel-windows-x86_64