CRAN Package Check Results for Package purge

Last updated on 2022-05-24 07:52:29 CEST.

Flavor Version Tinstall Tcheck Ttotal Status Flags
r-devel-linux-x86_64-debian-clang 0.2.1 1.86 42.55 44.41 NOTE
r-devel-linux-x86_64-debian-gcc 0.2.1 1.68 32.97 34.65 NOTE
r-devel-linux-x86_64-fedora-clang 0.2.1 54.20 NOTE
r-devel-linux-x86_64-fedora-gcc 0.2.1 43.50 NOTE
r-devel-windows-x86_64 0.2.1 11.00 64.00 75.00 NOTE
r-patched-linux-x86_64 0.2.1 2.38 41.08 43.46 NOTE
r-release-linux-x86_64 0.2.1 NOTE
r-release-macos-arm64 0.2.1 20.00 NOTE
r-release-macos-x86_64 0.2.1 24.00 NOTE
r-release-windows-x86_64 0.2.1 7.00 57.00 64.00 NOTE
r-oldrel-macos-arm64 0.2.1 20.00 NOTE
r-oldrel-macos-x86_64 0.2.1 33.00 NOTE
r-oldrel-windows-ix86+x86_64 0.2.1 4.00 54.00 58.00 NOTE

Check Details

Version: 0.2.1
Check: LazyData
Result: NOTE
     'LazyData' is specified without a 'data' directory
Flavors: r-devel-linux-x86_64-debian-clang, r-devel-linux-x86_64-debian-gcc, r-devel-linux-x86_64-fedora-clang, r-devel-linux-x86_64-fedora-gcc, r-devel-windows-x86_64, r-patched-linux-x86_64, r-release-linux-x86_64, r-release-macos-arm64, r-release-macos-x86_64, r-release-windows-x86_64, r-oldrel-macos-arm64, r-oldrel-macos-x86_64, r-oldrel-windows-ix86+x86_64