CRAN Package Check Results for Package pureseqtmr

Last updated on 2022-01-29 06:49:44 CET.

Flavor Version Tinstall Tcheck Ttotal Status Flags
r-devel-linux-x86_64-debian-clang 1.2 2.61 47.01 49.62 NOTE
r-devel-linux-x86_64-debian-gcc 1.2 2.16 36.33 38.49 NOTE
r-devel-linux-x86_64-fedora-clang 1.2 60.41 NOTE
r-devel-linux-x86_64-fedora-gcc 1.2 47.79 NOTE
r-devel-windows-x86_64-new-UL 1.2 111.00 86.00 197.00 NOTE
r-devel-windows-x86_64-new-TK 1.2 NOTE
r-patched-linux-x86_64 1.2 2.81 35.44 38.25 NOTE
r-release-linux-x86_64 1.2 1.76 34.64 36.40 NOTE
r-release-macos-arm64 1.2 NOTE
r-release-macos-x86_64 1.2 NOTE
r-release-windows-ix86+x86_64 1.2 6.00 49.00 55.00 NOTE
r-oldrel-macos-x86_64 1.2 OK
r-oldrel-windows-ix86+x86_64 1.2 6.00 46.00 52.00 OK

Check Details

Version: 1.2
Check: LazyData
Result: NOTE
     'LazyData' is specified without a 'data' directory
Flavors: r-devel-linux-x86_64-debian-clang, r-devel-linux-x86_64-debian-gcc, r-devel-linux-x86_64-fedora-clang, r-devel-linux-x86_64-fedora-gcc, r-devel-windows-x86_64-new-UL, r-devel-windows-x86_64-new-TK, r-patched-linux-x86_64, r-release-linux-x86_64, r-release-macos-arm64, r-release-macos-x86_64, r-release-windows-ix86+x86_64