CRAN Package Check Results for Package pubh

Last updated on 2022-01-26 06:50:25 CET.

Flavor Version Tinstall Tcheck Ttotal Status Flags
r-devel-linux-x86_64-debian-clang 1.2.5 10.10 321.66 331.76 OK
r-devel-linux-x86_64-debian-gcc 1.2.5 7.88 231.04 238.92 OK
r-devel-linux-x86_64-fedora-clang 1.2.5 395.69 NOTE
r-devel-linux-x86_64-fedora-gcc 1.2.5 381.57 NOTE
r-devel-windows-x86_64-new-UL 1.2.5 49.00 361.00 410.00 OK
r-devel-windows-x86_64-new-TK 1.2.5 ERROR
r-patched-linux-x86_64 1.2.5 17.30 293.84 311.14 OK
r-release-linux-x86_64 1.2.5 8.37 291.07 299.44 OK
r-release-macos-arm64 1.2.5 NOTE
r-release-macos-x86_64 1.2.5 NOTE
r-release-windows-ix86+x86_64 1.2.5 34.00 362.00 396.00 OK
r-oldrel-macos-x86_64 1.2.5 NOTE
r-oldrel-windows-ix86+x86_64 1.2.5 35.00 367.00 402.00 OK

Check Details

Version: 1.2.5
Check: dependencies in R code
Result: NOTE
    Namespaces in Imports field not imported from:
     ‘Hmisc’ ‘sjPlot’
     All declared Imports should be used.
Flavors: r-devel-linux-x86_64-fedora-clang, r-devel-linux-x86_64-fedora-gcc, r-release-macos-arm64, r-release-macos-x86_64, r-oldrel-macos-x86_64

Version: 1.2.5
Check: package dependencies
Result: ERROR
    Packages required but not available: 'car', 'sjPlot'
    
    Packages suggested but not available for checking: 'lme4', 'rstatix'
    
    See section 'The DESCRIPTION file' in the 'Writing R Extensions'
    manual.
Flavor: r-devel-windows-x86_64-new-TK