CRAN Package Check Results for Package ptm

Last updated on 2022-05-18 07:49:05 CEST.

Flavor Version Tinstall Tcheck Ttotal Status Flags
r-devel-linux-x86_64-debian-clang 0.2.5 25.57 218.57 244.14 OK
r-devel-linux-x86_64-debian-gcc 0.2.5 18.70 161.69 180.39 OK
r-devel-linux-x86_64-fedora-clang 0.2.5 278.39 OK
r-devel-linux-x86_64-fedora-gcc 0.2.5 285.99 OK
r-devel-windows-x86_64 0.2.5 46.00 268.00 314.00 OK
r-patched-linux-x86_64 0.2.5 20.57 202.12 222.69 OK
r-release-linux-x86_64 0.2.5 21.62 201.92 223.54 OK
r-release-macos-arm64 0.2.5 125.00 OK
r-release-macos-x86_64 0.2.5 8.00 ERROR
r-release-windows-x86_64 0.2.5 59.00 274.00 333.00 OK
r-oldrel-macos-arm64 0.2.5 8.00 ERROR
r-oldrel-macos-x86_64 0.2.5 8.00 ERROR
r-oldrel-windows-ix86+x86_64 0.2.5 47.00 262.00 309.00 OK

Check Details

Version: 0.2.5
Check: package dependencies
Result: ERROR
    Package required but not available: ‘muscle’
    
    See section ‘The DESCRIPTION file’ in the ‘Writing R Extensions’
    manual.
Flavors: r-release-macos-x86_64, r-oldrel-macos-arm64, r-oldrel-macos-x86_64