Last updated on 2022-07-06 07:49:06 CEST.
Flavor | Version | Tinstall | Tcheck | Ttotal | Status | Flags |
---|---|---|---|---|---|---|
r-devel-linux-x86_64-debian-clang | 0.1.1 | 23.70 | 192.13 | 215.83 | OK | |
r-devel-linux-x86_64-debian-gcc | 0.1.1 | 12.88 | 142.85 | 155.73 | OK | |
r-devel-linux-x86_64-fedora-clang | 0.1.1 | 275.28 | NOTE | |||
r-devel-linux-x86_64-fedora-gcc | 0.1.1 | 268.36 | NOTE | |||
r-devel-windows-x86_64 | 0.1.1 | 70.00 | 220.00 | 290.00 | OK | |
r-patched-linux-x86_64 | 0.1.1 | 28.03 | 182.95 | 210.98 | OK | |
r-release-linux-x86_64 | 0.1.1 | 19.48 | 185.07 | 204.55 | OK | |
r-release-macos-arm64 | 0.1.1 | 117.00 | NOTE | |||
r-release-macos-x86_64 | 0.1.1 | 220.00 | NOTE | |||
r-release-windows-x86_64 | 0.1.1 | 28.00 | 210.00 | 238.00 | OK | |
r-oldrel-macos-arm64 | 0.1.1 | 114.00 | NOTE | |||
r-oldrel-macos-x86_64 | 0.1.1 | 160.00 | NOTE | |||
r-oldrel-windows-ix86+x86_64 | 0.1.1 | 40.00 | 200.00 | 240.00 | OK |
Version: 0.1.1
Check: data for non-ASCII characters
Result: NOTE
Note: found 140 marked UTF-8 strings
Flavors: r-devel-linux-x86_64-fedora-clang, r-devel-linux-x86_64-fedora-gcc, r-release-macos-arm64, r-release-macos-x86_64, r-oldrel-macos-arm64, r-oldrel-macos-x86_64