CRAN Package Check Results for Package psgp

Last updated on 2022-05-21 07:55:32 CEST.

Flavor Version Tinstall Tcheck Ttotal Status Flags
r-devel-linux-x86_64-debian-clang 0.3-19 279.11 122.72 401.83 OK
r-devel-linux-x86_64-debian-gcc 0.3-19 214.53 89.57 304.10 OK
r-devel-linux-x86_64-fedora-clang 0.3-19 583.86 NOTE
r-devel-linux-x86_64-fedora-gcc 0.3-19 502.82 OK
r-devel-windows-x86_64 0.3-19 205.00 179.00 384.00 OK
r-patched-linux-x86_64 0.3-19 219.64 112.34 331.98 OK
r-release-linux-x86_64 0.3-19 226.97 111.70 338.67 OK
r-release-macos-arm64 0.3-19 92.00 NOTE
r-release-macos-x86_64 0.3-19 218.00 NOTE
r-release-windows-x86_64 0.3-19 203.00 184.00 387.00 OK
r-oldrel-macos-arm64 0.3-19 117.00 NOTE
r-oldrel-macos-x86_64 0.3-19 179.00 NOTE
r-oldrel-windows-ix86+x86_64 0.3-19 688.00 267.00 955.00 OK

Check Details

Version: 0.3-19
Check: installed package size
Result: NOTE
     installed size is 5.4Mb
     sub-directories of 1Mb or more:
     libs 5.3Mb
Flavors: r-devel-linux-x86_64-fedora-clang, r-release-macos-arm64, r-release-macos-x86_64, r-oldrel-macos-arm64, r-oldrel-macos-x86_64