Last updated on 2022-07-03 07:52:01 CEST.
Flavor | Version | Tinstall | Tcheck | Ttotal | Status | Flags |
---|---|---|---|---|---|---|
r-devel-linux-x86_64-debian-clang | 1.3.1 | 5.14 | 195.06 | 200.20 | NOTE | |
r-devel-linux-x86_64-debian-gcc | 1.3.1 | 3.22 | 136.41 | 139.63 | NOTE | |
r-devel-linux-x86_64-fedora-clang | 1.3.1 | 237.50 | NOTE | |||
r-devel-linux-x86_64-fedora-gcc | 1.3.1 | 238.35 | NOTE | |||
r-devel-windows-x86_64 | 1.3.1 | 22.00 | 216.00 | 238.00 | NOTE | |
r-patched-linux-x86_64 | 1.3.1 | 3.11 | 180.40 | 183.51 | NOTE | |
r-release-linux-x86_64 | 1.3.1 | 3.40 | 181.89 | 185.29 | NOTE | |
r-release-macos-arm64 | 1.3.1 | 52.00 | NOTE | |||
r-release-macos-x86_64 | 1.3.1 | 84.00 | NOTE | |||
r-release-windows-x86_64 | 1.3.1 | 20.00 | 219.00 | 239.00 | NOTE | |
r-oldrel-macos-arm64 | 1.3.1 | 72.00 | NOTE | |||
r-oldrel-macos-x86_64 | 1.3.1 | 112.00 | NOTE | |||
r-oldrel-windows-ix86+x86_64 | 1.3.1 | 9.00 | 227.00 | 236.00 | NOTE |
Version: 1.3.1
Check: LazyData
Result: NOTE
'LazyData' is specified without a 'data' directory
Flavors: r-devel-linux-x86_64-debian-clang, r-devel-linux-x86_64-debian-gcc, r-devel-linux-x86_64-fedora-clang, r-devel-linux-x86_64-fedora-gcc, r-devel-windows-x86_64, r-patched-linux-x86_64, r-release-linux-x86_64, r-release-macos-arm64, r-release-macos-x86_64, r-release-windows-x86_64, r-oldrel-macos-arm64, r-oldrel-macos-x86_64, r-oldrel-windows-ix86+x86_64