Last updated on 2022-05-21 07:55:32 CEST.
Flavor | Version | Tinstall | Tcheck | Ttotal | Status | Flags |
---|---|---|---|---|---|---|
r-devel-linux-x86_64-debian-clang | 1.0.1 | 2.15 | 75.90 | 78.05 | OK | |
r-devel-linux-x86_64-debian-gcc | 1.0.1 | 2.37 | 54.47 | 56.84 | OK | |
r-devel-linux-x86_64-fedora-clang | 1.0.1 | 90.34 | NOTE | |||
r-devel-linux-x86_64-fedora-gcc | 1.0.1 | 88.31 | NOTE | |||
r-devel-windows-x86_64 | 1.0.1 | 15.00 | 105.00 | 120.00 | OK | |
r-patched-linux-x86_64 | 1.0.1 | 3.49 | 69.72 | 73.21 | OK | |
r-release-linux-x86_64 | 1.0.1 | 3.16 | 69.95 | 73.11 | OK | |
r-release-macos-arm64 | 1.0.1 | 49.00 | NOTE | |||
r-release-macos-x86_64 | 1.0.1 | 89.00 | NOTE | |||
r-release-windows-x86_64 | 1.0.1 | 16.00 | 99.00 | 115.00 | OK | |
r-oldrel-macos-arm64 | 1.0.1 | 132.00 | NOTE | |||
r-oldrel-macos-x86_64 | 1.0.1 | 67.00 | NOTE | |||
r-oldrel-windows-ix86+x86_64 | 1.0.1 | 10.00 | 83.00 | 93.00 | OK |
Version: 1.0.1
Check: dependencies in R code
Result: NOTE
Namespaces in Imports field not imported from:
‘devtools’ ‘qpdf’
All declared Imports should be used.
Flavors: r-devel-linux-x86_64-fedora-clang, r-devel-linux-x86_64-fedora-gcc, r-release-macos-arm64, r-release-macos-x86_64, r-oldrel-macos-arm64, r-oldrel-macos-x86_64