CRAN Package Check Results for Package psda

Last updated on 2022-07-04 07:49:03 CEST.

Flavor Version Tinstall Tcheck Ttotal Status Flags
r-devel-linux-x86_64-debian-clang 1.4.0 3.18 45.07 48.25 OK
r-devel-linux-x86_64-debian-gcc 1.4.0 2.99 34.02 37.01 OK
r-devel-linux-x86_64-fedora-clang 1.4.0 68.62 NOTE
r-devel-linux-x86_64-fedora-gcc 1.4.0 67.86 NOTE
r-devel-windows-x86_64 1.4.0 20.00 74.00 94.00 OK
r-patched-linux-x86_64 1.4.0 4.00 43.23 47.23 OK
r-release-linux-x86_64 1.4.0 3.81 43.44 47.25 OK
r-release-macos-arm64 1.4.0 24.00 NOTE
r-release-macos-x86_64 1.4.0 41.00 NOTE
r-release-windows-x86_64 1.4.0 7.00 77.00 84.00 OK
r-oldrel-macos-arm64 1.4.0 29.00 NOTE
r-oldrel-macos-x86_64 1.4.0 38.00 NOTE
r-oldrel-windows-ix86+x86_64 1.4.0 8.00 64.00 72.00 OK

Check Details

Version: 1.4.0
Check: dependencies in R code
Result: NOTE
    Namespace in Imports field not imported from: ‘raster’
     All declared Imports should be used.
Flavors: r-devel-linux-x86_64-fedora-clang, r-devel-linux-x86_64-fedora-gcc, r-release-macos-arm64, r-release-macos-x86_64, r-oldrel-macos-arm64, r-oldrel-macos-x86_64