CRAN Package Check Results for Package psborrow

Last updated on 2022-05-18 07:49:05 CEST.

Flavor Version Tinstall Tcheck Ttotal Status Flags
r-devel-linux-x86_64-debian-clang 0.1.0 14.31 663.03 677.34 OK
r-devel-linux-x86_64-debian-gcc 0.2.0 11.19 311.96 323.15 OK
r-devel-linux-x86_64-fedora-clang 0.2.0 528.35 OK
r-devel-linux-x86_64-fedora-gcc 0.2.0 482.30 OK
r-devel-windows-x86_64 0.2.0 36.00 319.00 355.00 OK
r-patched-linux-x86_64 0.1.0 13.14 655.79 668.93 OK
r-release-linux-x86_64 0.1.0 12.75 625.16 637.91 OK
r-release-macos-arm64 0.2.0 177.00 OK
r-release-macos-x86_64 0.1.0 318.00 NOTE
r-release-windows-x86_64 0.2.0 46.00 337.00 383.00 OK
r-oldrel-macos-arm64 0.2.0 151.00 OK
r-oldrel-macos-x86_64 0.1.0 263.00 NOTE
r-oldrel-windows-ix86+x86_64 0.1.0 32.00 729.00 761.00 OK

Check Details

Version: 0.1.0
Check: dependencies in R code
Result: NOTE
    Namespaces in Imports field not imported from:
     ‘matrixcalc’ ‘tidyr’ ‘utils’
     All declared Imports should be used.
Flavors: r-release-macos-x86_64, r-oldrel-macos-x86_64