CRAN Package Check Results for Package provGraphR

Last updated on 2022-07-02 07:07:07 CEST.

Flavor Version Tinstall Tcheck Ttotal Status Flags
r-devel-linux-x86_64-debian-clang 1.0 7.49 68.78 76.27 NOTE
r-devel-linux-x86_64-debian-gcc 1.0 6.64 53.34 59.98 NOTE
r-devel-linux-x86_64-fedora-clang 1.0 102.48 NOTE
r-devel-linux-x86_64-fedora-gcc 1.0 102.45 NOTE
r-devel-windows-x86_64 1.0 28.00 89.00 117.00 NOTE
r-patched-linux-x86_64 1.0 6.79 66.39 73.18 NOTE
r-release-linux-x86_64 1.0 8.60 67.03 75.63 NOTE
r-release-macos-arm64 1.0 31.00 NOTE
r-release-macos-x86_64 1.0 45.00 NOTE
r-release-windows-x86_64 1.0 27.00 97.00 124.00 NOTE
r-oldrel-macos-arm64 1.0 38.00 NOTE
r-oldrel-macos-x86_64 1.0 58.00 NOTE
r-oldrel-windows-ix86+x86_64 1.0 17.00 87.00 104.00 NOTE

Check Details

Version: 1.0
Check: LazyData
Result: NOTE
     'LazyData' is specified without a 'data' directory
Flavors: r-devel-linux-x86_64-debian-clang, r-devel-linux-x86_64-debian-gcc, r-devel-linux-x86_64-fedora-clang, r-devel-linux-x86_64-fedora-gcc, r-devel-windows-x86_64, r-patched-linux-x86_64, r-release-linux-x86_64, r-release-macos-arm64, r-release-macos-x86_64, r-release-windows-x86_64, r-oldrel-macos-arm64, r-oldrel-macos-x86_64, r-oldrel-windows-ix86+x86_64