Last updated on 2022-05-16 07:49:09 CEST.
Flavor | Version | Tinstall | Tcheck | Ttotal | Status | Flags |
---|---|---|---|---|---|---|
r-devel-linux-x86_64-debian-clang | 0.1.0 | 3.49 | 43.36 | 46.85 | NOTE | |
r-devel-linux-x86_64-debian-gcc | 0.1.0 | 2.95 | 33.60 | 36.55 | NOTE | |
r-devel-linux-x86_64-fedora-clang | 0.1.0 | 56.97 | NOTE | |||
r-devel-linux-x86_64-fedora-gcc | 0.1.0 | 66.61 | NOTE | |||
r-devel-windows-x86_64 | 0.1.0 | 50.00 | 62.00 | 112.00 | NOTE | |
r-patched-linux-x86_64 | 0.1.0 | 3.52 | 41.67 | 45.19 | NOTE | |
r-release-linux-x86_64 | 0.1.0 | 3.18 | 41.39 | 44.57 | NOTE | |
r-release-macos-arm64 | 0.1.0 | 35.00 | NOTE | |||
r-release-macos-x86_64 | 0.1.0 | 32.00 | NOTE | |||
r-release-windows-x86_64 | 0.1.0 | 45.00 | 75.00 | 120.00 | NOTE | |
r-oldrel-macos-arm64 | 0.1.0 | 62.00 | NOTE | |||
r-oldrel-macos-x86_64 | 0.1.0 | 65.00 | NOTE | |||
r-oldrel-windows-ix86+x86_64 | 0.1.0 | 8.00 | 56.00 | 64.00 | NOTE |
Version: 0.1.0
Check: LazyData
Result: NOTE
'LazyData' is specified without a 'data' directory
Flavors: r-devel-linux-x86_64-debian-clang, r-devel-linux-x86_64-debian-gcc, r-devel-linux-x86_64-fedora-clang, r-devel-linux-x86_64-fedora-gcc, r-devel-windows-x86_64, r-patched-linux-x86_64, r-release-linux-x86_64, r-release-macos-arm64, r-release-macos-x86_64, r-release-windows-x86_64, r-oldrel-macos-arm64, r-oldrel-macos-x86_64, r-oldrel-windows-ix86+x86_64