CRAN Package Check Results for Package processmonitR

Last updated on 2022-05-26 06:55:48 CEST.

Flavor Version Tinstall Tcheck Ttotal Status Flags
r-devel-linux-x86_64-debian-clang 0.1.0 9.98 87.08 97.06 NOTE
r-devel-linux-x86_64-debian-gcc 0.1.0 7.92 74.35 82.27 NOTE
r-devel-linux-x86_64-fedora-clang 0.1.0 114.69 NOTE
r-devel-linux-x86_64-fedora-gcc 0.1.0 100.00 NOTE
r-devel-windows-x86_64 0.1.0 21.00 101.00 122.00 NOTE
r-patched-linux-x86_64 0.1.0 8.71 80.58 89.29 NOTE
r-release-linux-x86_64 0.1.0 NOTE
r-release-macos-arm64 0.1.0 34.00 NOTE
r-release-macos-x86_64 0.1.0 55.00 NOTE
r-release-windows-x86_64 0.1.0 25.00 100.00 125.00 NOTE
r-oldrel-macos-arm64 0.1.0 36.00 NOTE
r-oldrel-macos-x86_64 0.1.0 47.00 NOTE
r-oldrel-windows-ix86+x86_64 0.1.0 22.00 94.00 116.00 NOTE

Check Details

Version: 0.1.0
Check: LazyData
Result: NOTE
     'LazyData' is specified without a 'data' directory
Flavors: r-devel-linux-x86_64-debian-clang, r-devel-linux-x86_64-debian-gcc, r-devel-linux-x86_64-fedora-clang, r-devel-linux-x86_64-fedora-gcc, r-devel-windows-x86_64, r-patched-linux-x86_64, r-release-linux-x86_64, r-release-macos-arm64, r-release-macos-x86_64, r-release-windows-x86_64, r-oldrel-macos-arm64, r-oldrel-macos-x86_64, r-oldrel-windows-ix86+x86_64