CRAN Package Check Results for Package prisonbrief

Last updated on 2022-05-20 07:49:27 CEST.

Flavor Version Tinstall Tcheck Ttotal Status Flags
r-devel-linux-x86_64-debian-clang 0.1.2 8.66 79.24 87.90 OK
r-devel-linux-x86_64-debian-gcc 0.1.2 6.50 60.26 66.76 OK
r-devel-linux-x86_64-fedora-clang 0.1.2 101.54 NOTE
r-devel-linux-x86_64-fedora-gcc 0.1.2 99.44 NOTE
r-devel-windows-x86_64 0.1.2 23.00 88.00 111.00 OK
r-patched-linux-x86_64 0.1.2 7.89 75.70 83.59 OK
r-release-linux-x86_64 0.1.2 9.08 74.98 84.06 OK
r-release-macos-arm64 0.1.2 33.00 NOTE
r-release-macos-x86_64 0.1.2 49.00 NOTE
r-release-windows-x86_64 0.1.2 22.00 92.00 114.00 OK
r-oldrel-macos-arm64 0.1.2 33.00 NOTE
r-oldrel-macos-x86_64 0.1.2 43.00 NOTE
r-oldrel-windows-ix86+x86_64 0.1.2 20.00 90.00 110.00 OK

Check Details

Version: 0.1.2
Check: data for non-ASCII characters
Result: NOTE
     Note: found 2 marked UTF-8 strings
Flavors: r-devel-linux-x86_64-fedora-clang, r-devel-linux-x86_64-fedora-gcc, r-release-macos-arm64, r-release-macos-x86_64, r-oldrel-macos-arm64, r-oldrel-macos-x86_64