Last updated on 2022-05-16 07:49:09 CEST.
Flavor | Version | Tinstall | Tcheck | Ttotal | Status | Flags |
---|---|---|---|---|---|---|
r-devel-linux-x86_64-debian-clang | 0.2.0 | 30.99 | 305.84 | 336.83 | NOTE | |
r-devel-linux-x86_64-debian-gcc | 0.2.0 | 28.61 | 224.86 | 253.47 | NOTE | |
r-devel-linux-x86_64-fedora-clang | 0.2.0 | 383.62 | NOTE | |||
r-devel-linux-x86_64-fedora-gcc | 0.2.0 | 387.90 | NOTE | |||
r-devel-windows-x86_64 | 0.2.0 | 59.00 | 278.00 | 337.00 | NOTE | |
r-patched-linux-x86_64 | 0.2.0 | 31.10 | 288.17 | 319.27 | NOTE | |
r-release-linux-x86_64 | 0.2.0 | 31.25 | 288.76 | 320.01 | NOTE | |
r-release-macos-arm64 | 0.2.0 | 86.00 | NOTE | |||
r-release-macos-x86_64 | 0.2.0 | 156.00 | NOTE | |||
r-release-windows-x86_64 | 0.2.0 | 50.00 | 273.00 | 323.00 | NOTE | |
r-oldrel-macos-arm64 | 0.2.0 | 50.00 | NOTE | |||
r-oldrel-macos-x86_64 | 0.2.0 | 86.00 | NOTE | |||
r-oldrel-windows-ix86+x86_64 | 0.2.0 | 69.00 | 286.00 | 355.00 | NOTE |
Version: 0.2.0
Check: LazyData
Result: NOTE
'LazyData' is specified without a 'data' directory
Flavors: r-devel-linux-x86_64-debian-clang, r-devel-linux-x86_64-debian-gcc, r-devel-linux-x86_64-fedora-clang, r-devel-linux-x86_64-fedora-gcc, r-devel-windows-x86_64, r-patched-linux-x86_64, r-release-linux-x86_64, r-release-macos-arm64, r-release-macos-x86_64, r-release-windows-x86_64, r-oldrel-macos-arm64, r-oldrel-macos-x86_64, r-oldrel-windows-ix86+x86_64
Version: 0.2.0
Check: dependencies in R code
Result: NOTE
Namespace in Imports field not imported from: ‘lubridate’
All declared Imports should be used.
Flavors: r-devel-linux-x86_64-fedora-clang, r-devel-linux-x86_64-fedora-gcc, r-release-macos-arm64, r-release-macos-x86_64, r-oldrel-macos-arm64, r-oldrel-macos-x86_64