Last updated on 2022-05-21 07:55:31 CEST.
Flavor | Version | Tinstall | Tcheck | Ttotal | Status | Flags |
---|---|---|---|---|---|---|
r-devel-linux-x86_64-debian-clang | 1.1.1 | 3.44 | 130.24 | 133.68 | OK | |
r-devel-linux-x86_64-debian-gcc | 1.1.1 | 2.45 | 96.14 | 98.59 | OK | |
r-devel-linux-x86_64-fedora-clang | 1.1.1 | 155.66 | NOTE | |||
r-devel-linux-x86_64-fedora-gcc | 1.1.1 | 152.61 | NOTE | |||
r-devel-windows-x86_64 | 1.1.1 | 26.00 | 143.00 | 169.00 | OK | |
r-patched-linux-x86_64 | 1.1.1 | 3.59 | 123.33 | 126.92 | OK | |
r-release-linux-x86_64 | 1.1.1 | 2.31 | 126.65 | 128.96 | OK | |
r-release-macos-arm64 | 1.1.1 | 37.00 | NOTE | |||
r-release-macos-x86_64 | 1.1.1 | 72.00 | NOTE | |||
r-release-windows-x86_64 | 1.1.1 | 21.00 | 141.00 | 162.00 | OK | |
r-oldrel-macos-arm64 | 1.1.1 | 44.00 | NOTE | |||
r-oldrel-macos-x86_64 | 1.1.1 | 62.00 | NOTE | |||
r-oldrel-windows-ix86+x86_64 | 1.1.1 | 10.00 | 134.00 | 144.00 | OK |
Version: 1.1.1
Check: dependencies in R code
Result: NOTE
Namespace in Imports field not imported from: ‘stats’
All declared Imports should be used.
Flavors: r-devel-linux-x86_64-fedora-clang, r-devel-linux-x86_64-fedora-gcc, r-release-macos-arm64, r-release-macos-x86_64, r-oldrel-macos-arm64, r-oldrel-macos-x86_64