CRAN Package Check Results for Package prevtoinc

Last updated on 2022-05-16 07:49:09 CEST.

Flavor Version Tinstall Tcheck Ttotal Status Flags
r-devel-linux-x86_64-debian-clang 0.12.0 5.38 99.50 104.88 NOTE
r-devel-linux-x86_64-debian-gcc 0.12.0 4.21 72.51 76.72 NOTE
r-devel-linux-x86_64-fedora-clang 0.12.0 120.37 NOTE
r-devel-linux-x86_64-fedora-gcc 0.12.0 120.92 NOTE
r-devel-windows-x86_64 0.12.0 25.00 113.00 138.00 NOTE
r-patched-linux-x86_64 0.12.0 5.83 96.56 102.39 NOTE
r-release-linux-x86_64 0.12.0 5.76 95.38 101.14 NOTE
r-release-macos-arm64 0.12.0 38.00 NOTE
r-release-macos-x86_64 0.12.0 68.00 NOTE
r-release-windows-x86_64 0.12.0 31.00 114.00 145.00 NOTE
r-oldrel-macos-arm64 0.12.0 43.00 NOTE
r-oldrel-macos-x86_64 0.12.0 78.00 NOTE
r-oldrel-windows-ix86+x86_64 0.12.0 16.00 109.00 125.00 NOTE

Check Details

Version: 0.12.0
Check: LazyData
Result: NOTE
     'LazyData' is specified without a 'data' directory
Flavors: r-devel-linux-x86_64-debian-clang, r-devel-linux-x86_64-debian-gcc, r-devel-linux-x86_64-fedora-clang, r-devel-linux-x86_64-fedora-gcc, r-devel-windows-x86_64, r-patched-linux-x86_64, r-release-linux-x86_64, r-release-macos-arm64, r-release-macos-x86_64, r-release-windows-x86_64, r-oldrel-macos-arm64, r-oldrel-macos-x86_64, r-oldrel-windows-ix86+x86_64