CRAN Package Check Results for Package ppmlasso

Last updated on 2022-08-19 06:52:31 CEST.

Flavor Version Tinstall Tcheck Ttotal Status Flags
r-devel-linux-x86_64-debian-clang 1.2 13.48 171.70 185.18 NOTE
r-devel-linux-x86_64-debian-gcc 1.2 10.00 119.07 129.07 NOTE
r-devel-linux-x86_64-fedora-clang 1.2 216.82 NOTE
r-devel-linux-x86_64-fedora-gcc 1.2 206.07 NOTE
r-devel-windows-x86_64 1.2 36.00 177.00 213.00 NOTE
r-patched-linux-x86_64 1.2 13.54 150.01 163.55 OK
r-release-linux-x86_64 1.2 OK
r-release-macos-arm64 1.2 58.00 OK
r-release-macos-x86_64 1.2 101.00 OK
r-release-windows-x86_64 1.2 29.00 185.00 214.00 OK
r-oldrel-macos-arm64 1.2 56.00 OK
r-oldrel-macos-x86_64 1.2 82.00 OK
r-oldrel-windows-ix86+x86_64 1.2 27.00 175.00 202.00 OK

Check Details

Version: 1.2
Check: Rd files
Result: NOTE
    checkRd: (-1) findRes.Rd:28: Escaped LaTeX specials: \&
    checkRd: (-1) ppmlasso-package.Rd:42: Escaped LaTeX specials: \&
Flavors: r-devel-linux-x86_64-debian-clang, r-devel-linux-x86_64-debian-gcc, r-devel-linux-x86_64-fedora-clang, r-devel-linux-x86_64-fedora-gcc, r-devel-windows-x86_64