CRAN Package Check Results for Package ppcong

Last updated on 2022-05-16 07:49:09 CEST.

Flavor Version Tinstall Tcheck Ttotal Status Flags
r-devel-linux-x86_64-debian-clang 0.0.2 2.77 33.41 36.18 NOTE
r-devel-linux-x86_64-debian-gcc 0.0.2 1.83 26.36 28.19 NOTE
r-devel-linux-x86_64-fedora-clang 0.0.2 44.61 NOTE
r-devel-linux-x86_64-fedora-gcc 0.0.2 42.68 NOTE
r-devel-windows-x86_64 0.0.2 14.00 50.00 64.00 NOTE
r-patched-linux-x86_64 0.0.2 2.42 32.41 34.83 NOTE
r-release-linux-x86_64 0.0.2 2.42 32.47 34.89 NOTE
r-release-macos-arm64 0.0.2 16.00 NOTE
r-release-macos-x86_64 0.0.2 23.00 NOTE
r-release-windows-x86_64 0.0.2 20.00 51.00 71.00 NOTE
r-oldrel-macos-arm64 0.0.2 21.00 NOTE
r-oldrel-macos-x86_64 0.0.2 26.00 NOTE
r-oldrel-windows-ix86+x86_64 0.0.2 6.00 45.00 51.00 NOTE

Check Details

Version: 0.0.2
Check: LazyData
Result: NOTE
     'LazyData' is specified without a 'data' directory
Flavors: r-devel-linux-x86_64-debian-clang, r-devel-linux-x86_64-debian-gcc, r-devel-linux-x86_64-fedora-clang, r-devel-linux-x86_64-fedora-gcc, r-devel-windows-x86_64, r-patched-linux-x86_64, r-release-linux-x86_64, r-release-macos-arm64, r-release-macos-x86_64, r-release-windows-x86_64, r-oldrel-macos-arm64, r-oldrel-macos-x86_64, r-oldrel-windows-ix86+x86_64