CRAN Package Check Results for Package postpack

Last updated on 2022-01-20 06:49:28 CET.

Flavor Version Tinstall Tcheck Ttotal Status Flags
r-devel-linux-x86_64-debian-clang 0.5.3 OK
r-devel-linux-x86_64-debian-gcc 0.5.3 2.91 35.13 38.04 OK
r-devel-linux-x86_64-fedora-clang 0.5.3 59.99 NOTE
r-devel-linux-x86_64-fedora-gcc 0.5.3 48.68 OK
r-devel-windows-x86_64-new-UL 0.5.3 51.00 80.00 131.00 OK
r-devel-windows-x86_64-new-TK 0.5.3 OK
r-patched-linux-x86_64 0.5.3 3.25 45.00 48.25 OK
r-release-linux-x86_64 0.5.3 OK
r-release-macos-arm64 0.5.3 NOTE
r-release-macos-x86_64 0.5.3 OK
r-release-windows-ix86+x86_64 0.5.3 7.00 61.00 68.00 OK
r-oldrel-macos-x86_64 0.5.3 OK
r-oldrel-windows-ix86+x86_64 0.5.3 9.00 60.00 69.00 OK

Check Details

Version: 0.5.3
Check: Rd cross-references
Result: NOTE
    Undeclared packages ‘rstan’, ‘R2WinBUGS’, ‘R2jags’, ‘R2OpenBUGS’, ‘nimble’, ‘rjags’, ‘jagsUI’ in Rd xrefs
Flavor: r-devel-linux-x86_64-fedora-clang

Version: 0.5.3
Check: Rd cross-references
Result: NOTE
    Packages unavailable to check Rd xrefs: ‘R2jags’, ‘rjags’, ‘jagsUI’
Flavor: r-release-macos-arm64