CRAN Package Check Results for Package pollimetry

Last updated on 2022-05-25 07:50:27 CEST.

Flavor Version Tinstall Tcheck Ttotal Status Flags
r-devel-linux-x86_64-debian-clang 1.0.1 20.61 198.46 219.07 NOTE
r-devel-linux-x86_64-debian-gcc 1.0.1 14.53 147.82 162.35 NOTE
r-devel-linux-x86_64-fedora-clang 1.0.1 251.55 NOTE
r-devel-linux-x86_64-fedora-gcc 1.0.1 236.55 NOTE
r-devel-windows-x86_64 1.0.1 34.00 200.00 234.00 NOTE
r-patched-linux-x86_64 1.0.1 17.82 185.09 202.91 NOTE
r-release-linux-x86_64 1.0.1 NOTE
r-release-macos-arm64 1.0.1 67.00 NOTE
r-release-macos-x86_64 1.0.1 116.00 NOTE
r-release-windows-x86_64 1.0.1 29.00 196.00 225.00 NOTE
r-oldrel-macos-arm64 1.0.1 82.00 NOTE
r-oldrel-macos-x86_64 1.0.1 129.00 NOTE
r-oldrel-windows-ix86+x86_64 1.0.1 50.00 196.00 246.00 NOTE

Check Details

Version: 1.0.1
Check: package dependencies
Result: NOTE
    Package suggested but not available for checking: 'pollimetrydata'
Flavors: r-devel-linux-x86_64-debian-clang, r-devel-linux-x86_64-debian-gcc, r-devel-linux-x86_64-fedora-clang, r-devel-linux-x86_64-fedora-gcc, r-devel-windows-x86_64, r-patched-linux-x86_64, r-release-linux-x86_64, r-release-macos-arm64, r-release-macos-x86_64, r-release-windows-x86_64, r-oldrel-macos-arm64, r-oldrel-macos-x86_64, r-oldrel-windows-ix86+x86_64