CRAN Package Check Results for Package politeness

Last updated on 2022-01-23 07:14:09 CET.

Flavor Version Tinstall Tcheck Ttotal Status Flags
r-devel-linux-x86_64-debian-clang 0.8.5 10.66 135.10 145.76 OK
r-devel-linux-x86_64-debian-gcc 0.8.5 10.33 111.94 122.27 OK
r-devel-linux-x86_64-fedora-clang 0.8.5 178.41 NOTE
r-devel-linux-x86_64-fedora-gcc 0.8.5 160.22 NOTE
r-devel-windows-x86_64-new-UL 0.8.5 34.00 157.00 191.00 OK
r-devel-windows-x86_64-new-TK 0.8.5 NOTE
r-patched-linux-x86_64 0.8.5 17.05 125.47 142.52 OK
r-release-linux-x86_64 0.8.5 10.82 125.39 136.21 OK
r-release-macos-arm64 0.8.5 NOTE
r-release-macos-x86_64 0.8.5 NOTE
r-release-windows-ix86+x86_64 0.8.5 23.00 147.00 170.00 OK
r-oldrel-macos-x86_64 0.8.5 NOTE
r-oldrel-windows-ix86+x86_64 0.8.5 24.00 151.00 175.00 OK

Check Details

Version: 0.8.5
Check: data for non-ASCII characters
Result: NOTE
     Note: found 52 marked UTF-8 strings
Flavors: r-devel-linux-x86_64-fedora-clang, r-devel-linux-x86_64-fedora-gcc, r-devel-windows-x86_64-new-TK, r-release-macos-arm64, r-release-macos-x86_64, r-oldrel-macos-x86_64