Last updated on 2022-05-18 07:49:05 CEST.
Flavor | Version | Tinstall | Tcheck | Ttotal | Status | Flags |
---|---|---|---|---|---|---|
r-devel-linux-x86_64-debian-clang | 0.0-4 | 9.82 | 100.10 | 109.92 | OK | |
r-devel-linux-x86_64-debian-gcc | 0.0-4 | 8.62 | 74.13 | 82.75 | OK | |
r-devel-linux-x86_64-fedora-clang | 0.0-4 | 131.65 | NOTE | |||
r-devel-linux-x86_64-fedora-gcc | 0.0-4 | 125.16 | NOTE | |||
r-devel-windows-x86_64 | 0.0-4 | 22.00 | 114.00 | 136.00 | OK | |
r-patched-linux-x86_64 | 0.0-4 | 9.20 | 92.13 | 101.33 | OK | |
r-release-linux-x86_64 | 0.0-4 | 9.37 | 94.08 | 103.45 | OK | |
r-release-macos-arm64 | 0.0-4 | 34.00 | NOTE | |||
r-release-macos-x86_64 | 0.0-4 | 61.00 | NOTE | |||
r-release-windows-x86_64 | 0.0-4 | 22.00 | 118.00 | 140.00 | OK | |
r-oldrel-macos-arm64 | 0.0-4 | 42.00 | NOTE | |||
r-oldrel-macos-x86_64 | 0.0-4 | 45.00 | NOTE | |||
r-oldrel-windows-ix86+x86_64 | 0.0-4 | 27.00 | 111.00 | 138.00 | OK |
Version: 0.0-4
Check: Rd cross-references
Result: NOTE
Undeclared package ‘ISOcodes’ in Rd xrefs
Flavor: r-devel-linux-x86_64-fedora-clang
Version: 0.0-4
Check: data for non-ASCII characters
Result: NOTE
Note: found 8 marked UTF-8 strings
Flavors: r-devel-linux-x86_64-fedora-clang, r-devel-linux-x86_64-fedora-gcc, r-release-macos-arm64, r-release-macos-x86_64, r-oldrel-macos-arm64, r-oldrel-macos-x86_64