Last updated on 2022-08-19 06:52:31 CEST.
Flavor | Version | Tinstall | Tcheck | Ttotal | Status | Flags |
---|---|---|---|---|---|---|
r-devel-linux-x86_64-debian-clang | 1.6.0.1 | 5.20 | 53.15 | 58.35 | NOTE | |
r-devel-linux-x86_64-debian-gcc | 1.6.0.1 | 3.46 | 39.78 | 43.24 | NOTE | |
r-devel-linux-x86_64-fedora-clang | 1.6.0.1 | 78.15 | NOTE | |||
r-devel-linux-x86_64-fedora-gcc | 1.6.0.1 | 75.75 | NOTE | |||
r-devel-windows-x86_64 | 1.6.0.1 | 21.00 | 83.00 | 104.00 | NOTE | |
r-patched-linux-x86_64 | 1.6.0.1 | 4.06 | 49.99 | 54.05 | OK | |
r-release-linux-x86_64 | 1.6.0.1 | OK | ||||
r-release-macos-arm64 | 1.6.0.1 | 26.00 | OK | |||
r-release-macos-x86_64 | 1.6.0.1 | 38.00 | OK | |||
r-release-windows-x86_64 | 1.6.0.1 | 23.00 | 91.00 | 114.00 | OK | |
r-oldrel-macos-arm64 | 1.6.0.1 | 27.00 | OK | |||
r-oldrel-macos-x86_64 | 1.6.0.1 | 37.00 | OK | |||
r-oldrel-windows-ix86+x86_64 | 1.6.0.1 | 12.00 | 103.00 | 115.00 | OK |
Version: 1.6.0.1
Check: Rd files
Result: NOTE
checkRd: (-1) carcinoma.Rd:8: Escaped LaTeX specials: \&
checkRd: (-1) poLCA.Rd:63: Escaped LaTeX specials: \&
checkRd: (-1) poLCA.Rd:69: Escaped LaTeX specials: \&
Flavors: r-devel-linux-x86_64-debian-clang, r-devel-linux-x86_64-debian-gcc, r-devel-linux-x86_64-fedora-clang, r-devel-linux-x86_64-fedora-gcc, r-devel-windows-x86_64
Version: 1.6.0.1
Check: Rd cross-references
Result: NOTE
Undeclared package ‘flexmix’ in Rd xrefs
Flavor: r-devel-linux-x86_64-fedora-clang