CRAN Package Check Results for Package pmultinom

Last updated on 2022-07-03 07:52:01 CEST.

Flavor Version Tinstall Tcheck Ttotal Status Flags
r-devel-linux-x86_64-debian-clang 1.0.0 2.15 71.61 73.76 NOTE
r-devel-linux-x86_64-debian-gcc 1.0.0 1.78 52.05 53.83 NOTE
r-devel-linux-x86_64-fedora-clang 1.0.0 94.97 NOTE
r-devel-linux-x86_64-fedora-gcc 1.0.0 96.15 NOTE
r-devel-windows-x86_64 1.0.0 19.00 106.00 125.00 NOTE
r-patched-linux-x86_64 1.0.0 1.86 68.56 70.42 NOTE
r-release-linux-x86_64 1.0.0 2.05 68.87 70.92 NOTE
r-release-macos-arm64 1.0.0 30.00 NOTE
r-release-macos-x86_64 1.0.0 41.00 NOTE
r-release-windows-x86_64 1.0.0 28.00 110.00 138.00 NOTE
r-oldrel-macos-arm64 1.0.0 31.00 NOTE
r-oldrel-macos-x86_64 1.0.0 56.00 NOTE
r-oldrel-windows-ix86+x86_64 1.0.0 5.00 94.00 99.00 NOTE

Check Details

Version: 1.0.0
Check: LazyData
Result: NOTE
     'LazyData' is specified without a 'data' directory
Flavors: r-devel-linux-x86_64-debian-clang, r-devel-linux-x86_64-debian-gcc, r-devel-linux-x86_64-fedora-clang, r-devel-linux-x86_64-fedora-gcc, r-devel-windows-x86_64, r-patched-linux-x86_64, r-release-linux-x86_64, r-release-macos-arm64, r-release-macos-x86_64, r-release-windows-x86_64, r-oldrel-macos-arm64, r-oldrel-macos-x86_64, r-oldrel-windows-ix86+x86_64