CRAN Package Check Results for Package plumbertableau

Last updated on 2022-05-18 07:49:05 CEST.

Flavor Version Tinstall Tcheck Ttotal Status Flags
r-devel-linux-x86_64-debian-clang 0.1.0 2.97 55.06 58.03 OK
r-devel-linux-x86_64-debian-gcc 0.1.0 3.56 42.35 45.91 OK
r-devel-linux-x86_64-fedora-clang 0.1.0 70.45 NOTE
r-devel-linux-x86_64-fedora-gcc 0.1.0 68.01 NOTE
r-devel-windows-x86_64 0.1.0 35.00 83.00 118.00 OK
r-patched-linux-x86_64 0.1.0 4.06 52.61 56.67 OK
r-release-linux-x86_64 0.1.0 4.28 52.96 57.24 OK
r-release-macos-arm64 0.1.0 28.00 NOTE
r-release-macos-x86_64 0.1.0 38.00 NOTE
r-release-windows-x86_64 0.1.0 57.00 86.00 143.00 OK
r-oldrel-macos-arm64 0.1.0 38.00 NOTE
r-oldrel-macos-x86_64 0.1.0 39.00 NOTE
r-oldrel-windows-ix86+x86_64 0.1.0 10.00 70.00 80.00 OK

Check Details

Version: 0.1.0
Check: dependencies in R code
Result: NOTE
    Namespace in Imports field not imported from: ‘glue’
     All declared Imports should be used.
Flavors: r-devel-linux-x86_64-fedora-clang, r-devel-linux-x86_64-fedora-gcc, r-release-macos-arm64, r-release-macos-x86_64, r-oldrel-macos-arm64, r-oldrel-macos-x86_64