CRAN Package Check Results for Package plsVarSel

Last updated on 2022-05-20 07:49:27 CEST.

Flavor Version Tinstall Tcheck Ttotal Status Flags
r-devel-linux-x86_64-debian-clang 0.9.7 10.25 90.45 100.70 OK
r-devel-linux-x86_64-debian-gcc 0.9.7 7.88 67.67 75.55 OK
r-devel-linux-x86_64-fedora-clang 0.9.7 118.52 OK
r-devel-linux-x86_64-fedora-gcc 0.9.7 117.99 OK
r-devel-windows-x86_64 0.9.7 29.00 100.00 129.00 OK
r-patched-linux-x86_64 0.9.7 11.85 89.85 101.70 OK
r-release-linux-x86_64 0.9.7 9.22 85.56 94.78 OK
r-release-macos-arm64 0.9.7 29.00 NOTE
r-release-macos-x86_64 0.9.7 46.00 NOTE
r-release-windows-x86_64 0.9.7 29.00 103.00 132.00 OK
r-oldrel-macos-arm64 0.9.7 28.00 NOTE
r-oldrel-macos-x86_64 0.9.7 44.00 NOTE
r-oldrel-windows-ix86+x86_64 0.9.7 22.00 123.00 145.00 OK

Check Details

Version: 0.9.7
Check: package dependencies
Result: NOTE
    Package suggested but not available for checking: ‘Rmpi’
Flavors: r-release-macos-arm64, r-release-macos-x86_64, r-oldrel-macos-arm64, r-oldrel-macos-x86_64