Last updated on 2022-05-22 07:53:20 CEST.
Flavor | Version | Tinstall | Tcheck | Ttotal | Status | Flags |
---|---|---|---|---|---|---|
r-devel-linux-x86_64-debian-clang | 2.8-0 | 7.18 | 75.84 | 83.02 | OK | |
r-devel-linux-x86_64-debian-gcc | 2.8-0 | 5.12 | 57.18 | 62.30 | OK | |
r-devel-linux-x86_64-fedora-clang | 2.8-0 | 100.39 | NOTE | |||
r-devel-linux-x86_64-fedora-gcc | 2.8-0 | 97.84 | OK | |||
r-devel-windows-x86_64 | 2.8-0 | 37.00 | 107.00 | 144.00 | OK | |
r-patched-linux-x86_64 | 2.8-0 | 9.01 | 73.06 | 82.07 | OK | |
r-release-linux-x86_64 | 2.8-0 | 6.90 | 71.97 | 78.87 | OK | |
r-release-macos-arm64 | 2.8-0 | 33.00 | NOTE | |||
r-release-macos-x86_64 | 2.8-0 | 49.00 | NOTE | |||
r-release-windows-x86_64 | 2.8-0 | 39.00 | 108.00 | 147.00 | OK | |
r-oldrel-macos-arm64 | 2.8-0 | 47.00 | NOTE | |||
r-oldrel-macos-x86_64 | 2.8-0 | 54.00 | NOTE | |||
r-oldrel-windows-ix86+x86_64 | 2.8-0 | 11.00 | 87.00 | 98.00 | OK |
Version: 2.8-0
Check: Rd cross-references
Result: NOTE
Undeclared package ‘sm’ in Rd xrefs
Flavor: r-devel-linux-x86_64-fedora-clang
Version: 2.8-0
Check: package dependencies
Result: NOTE
Package suggested but not available for checking: ‘Rmpi’
Flavors: r-release-macos-arm64, r-release-macos-x86_64, r-oldrel-macos-arm64, r-oldrel-macos-x86_64